 - 6*h**3 - 19*h**2/2 + 2427*h. Calculate n(9).
-19
Let q(t) = 30*t + 125. Let s be q(-4). Let v(n) = -n**3 + 6*n**2 - 7*n + 1. Calculate v(s).
-9
Let n(l) be the second derivative of 8*l + 1/6*l**3 + 0 - 10*l**2 + 1/24*l**4. Let j(q) be the first derivative of n(q). Give j(4).
5
Let k(y) be the first derivative of 1/12*y**4 + 2*y**2 + 1/3*y**3 + 0*y + 1/60*y**5 + 15. Let c(h) be the second derivative of k(h). Calculate c(-4).
10
Let p(s) = -s**2 - 2*s - 6. Let h(q) = -5*q**3 - 3*q**2 - q - 14. Let o(b) = -h(b) + 2*p(b). Calculate o(-2).
-28
Let m(s) be the third derivative of s**4/24 + 11*s**3/6 - 4*s**2. Let w = -150 + 141. Calculate m(w).
2
Let z be (28 + -1)/3 - (21 - 17). Let p(a) be the second derivative of 0 + 3/2*a**3 + z*a**2 + 1/20*a**5 + 2/3*a**4 - 12*a. What is p(-7)?
-4
Let p(l) = 18*l - 14*l - 7*l + 3*l + 48 + 2*l. Determine p(-24).
0
Suppose 5*x - 20 = -5*x. Let m = 5 + x. Let q(d) = -d**2 + 8*d - 10. Calculate q(m).
-3
Let j(m) be the second derivative of m**4/12 - 5*m**3/6 + 5*m**2/2 + 630*m + 10. Let v be 2/(-8) + 42/8. Calculate j(v).
5
Let p be 4/6 + 9*22/(-1188). Let z(r) be the first derivative of -p*r**2 + 3*r - 1/3*r**3 + 14. Give z(0).
3
Let c be ((-3)/9*-1)/(2/(-258)). Let i = c - -52. Let z be (4/i)/((-10)/(-45)). Let v(o) = o. Calculate v(z).
2
Suppose -16*k - 256 = -14*k. Let b = k + 125. Let v(i) = -i**3 - 4*i**2 - 6*i - 1. Let a(z) = -z. Let q(j) = -2*a(j) + v(j). Calculate q(b).
2
Let f(d) be the first derivative of 35 - 7/2*d**2 + 6*d - 1/3*d**3. Calculate f(-8).
-2
Let g(v) = -6*v + 3. Let d(p) = 16*p - 1. Let a(o) = d(o) + 4*g(o). Calculate a(-2).
27
Let k(y) = -25 + 11*y + 14*y + 12*y - 56*y + 22*y. Calculate k(11).
8
Let y(w) = 5*w**2 - 5*w - 10. Let x(i) = 11*i**2 - 11*i - 21. Let k = 18 + -27. Suppose 3*o - 11 = -0*o + 1. Let d(u) = k*y(u) + o*x(u). Calculate d(0).
6
Let k(n) be the first derivative of -1/3*n**3 - 13 + 7/2*n**2 - 11*n. Let z be k(6). Let q(l) = -l**3 - 5*l**2 + 3. Give q(z).
3
Let i(o) = -4*o**2 - 39*o - 11. Let k(w) = 2*w**2 + 21*w + 5. Let y(f) = -3*i(f) - 5*k(f). What is y(-6)?
8
Let v(c) = -c**3 - 2*c**2 + c + 1. Let h(g) = 6*g**3 + 7*g**2 - 4*g - 5. Let z(m) = -h(m) - 5*v(m). Give z(2).
2
Let z(j) = j**3 - 11*j**2 + j - 4. Let u(f) = f + 0*f**3 - 4*f**3 + f**2 - 4*f**2 + 3*f**3 - 1. Let v be u(-4). Calculate z(v).
7
Let z(l) = -12 + 4*l + 37 - 3*l**2 + 2*l**2 + 2*l - 19. Let a be (-189)/(-35) - 8/20. Give z(a).
11
Let n(g) = -9*g**3 - 10*g**2 - 10*g + 8. Let m(s) = 11*s**3 + 10*s**2 + 8*s - 9. Let f(d) = 4*m(d) + 5*n(d). Determine f(-7).
-17
Suppose -2*c - 20 = 5*x, -c - 2*x - 17 = -10. Let f(t) be the third derivative of -18 - 7/24*t**4 + 1/60*t**c - 2*t**2 + 0*t + 0*t**3. What is f(5)?
-10
Let b(u) = -154*u + 78*u - 6 + 7 + 73*u. Suppose -m + 2*z + 9 = 0, 2*m + 3*m = z + 9. What is b(m)?
-2
Let f(x) = 2*x**3 + x**2 + 2*x + 8. Suppose 5*m + 232 = 3027. Let i = 559 - m. What is f(i)?
8
Let y(i) = 4*i**2 - 4*i. Let s(g) = g**2 - g - 1. Let b(l) = -3*s(l) + y(l). Suppose 0 = 11*q - 5*q + 10*q + 11*q. Calculate b(q).
3
Let u(b) = 59052 - 118102 + 59049 + 47*b. Let c(q) = q**2 + 3*q + 3. Let p be c(-2). Calculate u(p).
46
Let h(p) = p**3 + 7*p**2 - 18*p. Let t be h(-9). Suppose -2*l - 5*w = 18, t = -4*l - 6*w + 9*w - 10. Let d(o) = -o**3 - 4*o**2 + 2*o + 4. What is d(l)?
-4
Suppose -43 = -3*i - 43. Let r(c) be the third derivative of c**5/60 + 8*c**3/3 - 80*c**2. Calculate r(i).
16
Let n(k) = -2*k**3 - 4*k**2 - 8*k + 11. Let p(t) = t**3 - t**2 - t + 3. Let u(i) = -i**2 - 3*i + 27. Let h be u(4). Let d(y) = h*n(y) - 3*p(y). Calculate d(8).
4
Let t(x) = x**3 - 80*x**2 - 336*x + 3. Let s be t(84). Let a be (-60)/(-9) - 2/(-6). Let g(o) = -16 - a*o + 15 + s*o. What is g(-1)?
3
Let u(r) be the third derivative of 59*r**4/24 + 18*r**3 + 22*r**2 + 180*r. Determine u(-2).
-10
Let q = -12078 - -12074. Let z(v) = -v**3 - 5*v**2 - 2*v + 7. Determine z(q).
-1
Let w = -230 + 231. Let k(f) = 12*f - 13*f - w - 5. Suppose -5*c = -4*j + 32, -10 - 2 = c + 2*j. Give k(c).
2
Suppose 9 = 6*x - 9. Suppose -y - 4 = -x*y. Let z(t) = -11 - y + 12 - t. Determine z(5).
-6
Let b(k) be the second derivative of -2*k**4/3 - k**2/2 + 75*k. Let g(i) = 10*i**2 + i + 1. Let x(d) = -3*b(d) - 2*g(d). What is x(1)?
3
Let y(i) = 71*i + 221. Let d(f) = -89*f - 222. Let p(h) = -5*d(h) - 6*y(h). What is p(11)?
-7
Let k(y) = 8*y + 1. Let t = 115 + -99. Let i be (-56)/(-32) - 12/t. Determine k(i).
9
Let t(h) = 17*h**2 - 70*h + 50. Let b(k) = 11*k**2 - 47*k + 32. Let s(n) = -8*b(n) + 5*t(n). Give s(6).
42
Suppose -5*d = 4*u - 97, -2*u + 2*d = 7 - 51. Let h(b) = 24*b - b**2 - u*b - 6*b. Calculate h(-3).
6
Suppose 4*k - 9 = -1. Let o(r) = -2 + 4001*r + 4016*r - 8013*r. Give o(k).
6
Let j(u) be the third derivative of -3*u**4/8 - 17*u**3/2 - 4126*u**2. What is j(-4)?
-15
Let x(w) = -w**3 - 2*w**2 + 4*w - 4. Let v(r) = -2*r**3 + 15*r**2 + 9*r - 8. Let y be v(8). Let m be 2 + (0 - y) + -6 + 0. Determine x(m).
12
Let w(q) = -q**3 - 6*q**2 + 5. Let p(a) = -10*a**2 - 31*a - 28. Let m(v) = p(v) + w(v). Determine m(-14).
19
Let d(r) be the first derivative of -1/3*r**3 - 26 - 3*r - 3/2*r**2. Calculate d(-7).
-31
Let r(a) = a**3 + 5*a**2 - 2*a - 6. Let o = 19 - 13. Let n(q) = q**3 + 4*q**2 - 2*q - 5. Let c(z) = o*n(z) - 5*r(z). Let g be (-20)/7 + 408/476. Give c(g).
-8
Let p(b) = -b**3 + 11*b**2 + 10*b + 35. Suppose -4*q + 72 = 4*d, 2*d - 120 = -6*d - 4*q. Calculate p(d).
11
Let v(f) be the first derivative of f**4/4 - 7*f**3/3 - f**2/2 + 9*f - 20. Let h be v(7). Let y(l) = 3*l. Calculate y(h).
6
Let r(g) = -27 + 4*g**2 + 1388237*g - 1388247*g - 3*g**2. Calculate r(11).
-16
Let y(a) = 42*a + 44*a - 76 + 39*a - 64*a - 58*a. Give y(26).
2
Let i(c) be the second derivative of c**5/10 - c**4/12 - c**3/3 - c**2 - 4*c + 77. Determine i(-1).
-3
Let v(a) = -a**2 + 14*a - 19. Suppose -43*k - 15*k - 3*k = -793. Give v(k).
-6
Let r(t) = -t**2 - 11*t + 9. Let v(x) = -2*x**3 + 7*x - 10. Let d be v(2). What is r(d)?
-3
Let r(m) = -21 - 23427*m + 23447*m - 53 + 9 - 21. Determine r(4).
-6
Let r(y) = -y**2 + 6. Let q(j) = j**2 + 68*j + 200. Let o be q(-3). Determine r(o).
-19
Let v(c) = -c - 1. Let t = 291 + -295. Let p = 3 + t. Give v(p).
0
Let j(r) = 3 - r + 0 + 5*r**2 - r**3 - 7. Let u(h) = -28*h - 53. Suppose 2*w + f = -3, 6*w + 13 = 2*w + 5*f. Let a be u(w). Determine j(a).
11
Let n(s) = -5*s**3 - 19*s**2 - 5*s - 22. Let z(g) = 2*g**3 + 9*g**2 + 3*g + 10. Let v(d) = 6*n(d) + 14*z(d). What is v(7)?
-6
Suppose 0 = 5*q - 16 - 9, 15 = -2*a + 3*q. Let n(r) be the third derivative of 1/120*r**6 + a*r**4 + 0*r**5 + 0*r + 17*r**2 + 1/6*r**3 + 0. Give n(0).
1
Let g(x) = 119*x**3 - 10*x**2 - 11*x - 34. Let d(b) = 139*b**3 - 10*b**2 - 11*b - 33. Let t(f) = 6*d(f) - 7*g(f). Give t(-9).
22
Let g(t) = -11*t + 199. Let h = 14351 - 14333. Determine g(h).
1
Suppose -3*m + 49 = -2*x + 24, 2*m - 15 = 3*x. Let y(z) = 2*z + 0*z + 8 - z. Calculate y(m).
17
Let m(j) = 18*j - 287. Suppose -634*u = -598*u - 576. Give m(u).
1
Let p(h) = h**2 - 4*h - 5. Let v(i) = -i + 2. Let u = -336 + 335. Let o(j) = u*p(j) - 4*v(j). Give o(5).
12
Let q be (-1 - -7)/(9/(-12)). Let p be 42/28 + (-2)/q*-2. Let h(b) = 10*b**3 - 1. Calculate h(p).
9
Let b be 11*(-2 + (-4 - -4)). Let i = b + 28. Let f(u) = 3*u + 2. Let s(q) = -4*q - 2. Let a(y) = -3*f(y) - 2*s(y). Give a(i).
-8
Suppose -19 = -v + 3*d, 5*v - d + 15 = 10*v. Let q be 5 - (9 - (1 + v)). Let i(t) = 8*t. Determine i(q).
8
Let k be (11*(-1)/(-2))/(2/(-28)). Let v = k + 147. Let o = -74 + v. Let d(u) = -u**3 - 6*u**2 - 5*u - 2. Determine d(o).
-14
Let w = -337 - -340. Let k(b) = -12*b**3 - w*b**3 - 3999*b + 4000*b. Determine k(-1).
14
Let p(i) = -i**2 - 1. Let x(a) = -a**2 + 3*a + 1. Let l(q) = -p(q) + 2*x(q). What is l(-5)?
-52
Suppose -53*k - 128 + 1425 = -505. Let q(f) = -12*f + 394. Determine q(k).
-14
Suppose -11*m = 24 - 2. Let j(z) = -z**3 - 4*z**2 - 4*z + 2. Let l be j(m). Let h(q) = 11*q - 12*q - 7 + l*q. Calculate h(7).
0
Let m = 3 - 7. Let u(k) = 26 + k + 0*k + 28 + 19 - 64. Let b be u(m). Let c(f) = f - 4. Determine c(b).
1
Suppose 0 = -5*s + 32 + 38. Let b = s + -12. Let v(f) = -1 + 26*f**2 - 20*f**2 + b. Give v(-1).
7
Let h(w) be the first derivative of 2*w + 1 + w**2 - 2/3*w**3 - 3/4*w**4. Suppose -2*r - 2 = m, 3*r + m + 